 - 2*l. Let c = -2545 + 2680. Calculate the greatest common factor of c and l.
15
Suppose l + 32 + 318 = 2*o, 0 = l. Calculate the greatest common divisor of o and 1645.
35
Suppose -3*p + 1184 = 2*w, 1156 = 3*p - 159*w + 157*w. Calculate the highest common divisor of 1248 and p.
78
Suppose -8*c + 152 + 862 = 5*c. Calculate the greatest common factor of 6188 and c.
26
Let y = 3080 + -3068. Calculate the highest common factor of 15312 and y.
12
Suppose -3*i + 43 = -5*m - 17, -2*i - 4*m + 40 = 0. Suppose -3*v = -2*y - i, 3*v + 28 = 6*v + 2*y. Calculate the highest common factor of 6 and v.
2
Suppose 3*q - 3*q = -4*q. Suppose q = 2*v - 6, 5*x - v - 151 + 4 = 0. Let p(j) = -10*j + 5. Let g be p(-7). Calculate the highest common divisor of g and x.
15
Suppose -4*j + 4*n = 215 + 49, -2*j - 132 = 3*n. Let b = -248 - -376. Let s = j + b. Calculate the greatest common divisor of 155 and s.
31
Let s(m) = -12*m + 55. Let o be s(-7). Let t = 141 - o. What is the highest common factor of 22 and t?
2
Let c(m) = -m**2 - 51*m + 286. Let l be c(-39). Calculate the greatest common divisor of l and 928.
58
Suppose -8*h = 26*h - 1292. Suppose 0 = -m - 4*q + h, 2*m + 21*q - 26*q = 115. What is the highest common factor of m and 5?
5
Suppose 83*x = 89*x - 12. Suppose 0 = -3*w, n - x*w - 5 = -0*w. Calculate the greatest common factor of n and 215.
5
Let d be (-1629)/18 - 2/4. Let h = d - -67. Let j be ((-490)/3)/(-2) - h/(-36). What is the greatest common factor of j and 9?
9
Suppose 1305 - 91 = y - 3*q, -y + q + 1204 = 0. What is the highest common factor of y and 654?
109
Let w(f) = 37*f + 5282. Let b be w(-10). What is the highest common factor of b and 32?
16
Suppose 0*m = m - 19. Suppose 5*x - 1693 = -2*g - 10, -2*x + 5*g = -679. Let v = 356 - x. Calculate the greatest common divisor of v and m.
19
Let s = 10 + 2. Suppose 9*d - 13*d = -s. Suppose 0 = c - d*l - 12, 44 = c + 4*c + l. What is the greatest common factor of c and 117?
9
Let l be (-2 - (-4 - -3)) + 43. Let c be (-2 - 0)*(-3)/(-6)*-23. Let u = c + -17. What is the highest common divisor of u and l?
6
Let p = -6 + 41. Let c(s) be the first derivative of s**2 + 85*s - 65. Let x be c(10). Calculate the greatest common factor of x and p.
35
Let u(f) = -7*f - 13. Let b be u(-9). Suppose 259*o - 275*o + 2343 = 423. Calculate the highest common divisor of b and o.
10
Suppose -3*d + r + 60 = 2*r, -2*d + 40 = 5*r. Let w be (((-1284)/(-9))/4)/(6/90). Let o = w - 375. What is the highest common factor of d and o?
20
Suppose -2695 + 2887 = 24*s. Suppose -r - 2*l = -8, -4*r + 0*r + 32 = -5*l. What is the greatest common factor of r and s?
8
Let t be (-4)/(-88)*4 - (-4080)/66. Suppose 217 = 9*y - t. What is the greatest common divisor of y and 155?
31
Let f(g) = 14*g - 71. Let o be f(-41). Let p = -350 - o. What is the highest common divisor of p and 59?
59
Let n = -972 + 1021. Let q(y) be the second derivative of -y**4/12 - 7*y**3/6 - 5*y**2/2 - 3*y. Let h be q(-4). What is the greatest common divisor of h and n?
7
Suppose 1692 = 39*k - 1428. Suppose 3 = i, -i = 4*y - 9*y + 897. What is the highest common divisor of k and y?
20
Suppose -67 + 495 = 4*y. What is the highest common factor of y and 749?
107
Let r be 112/(-8) - 846/(-9). What is the highest common divisor of r and 4040?
40
Suppose j + 91 + 13 = 0. Let v = -90 - j. Suppose 126 = 3*b - 0*b. What is the highest common factor of v and b?
14
Suppose -2*b + d = 24, -2*d + 0*d = -2*b - 28. Let z be (-30250)/165*(-1)/(b/(-12)). Calculate the highest common factor of 20 and z.
20
Suppose -11 = -a + 5*k, -4*a + 0 = -5*k + 31. Suppose 69*n - 3165 = -405. Let i = n + a. What is the highest common divisor of 208 and i?
26
Let x be 80/6*3/2. Suppose -3*z + x = 5. Suppose -5*c = -l - 8*c + 34, -3*l + 81 = 2*c. Calculate the greatest common factor of l and z.
5
Let n(w) = 3*w**2 + 15*w + 94. Let u be n(0). Calculate the greatest common factor of 76 and u.
2
Suppose 0 = -42*q + 547313 - 541265. Suppose -4*h + 4*o = -108, -6*o + 2*o = -12. What is the greatest common divisor of q and h?
6
Suppose u + 2*z = 286, 25*z = -2*u + 20*z + 574. What is the greatest common divisor of u and 3478?
94
Let j = -625 + 894. Let t = j - 133. Calculate the greatest common factor of t and 68.
68
Let o = 136 - 22. Suppose -5*d + 7*d = -5*t + 3121, d + 7 = 0. Calculate the greatest common divisor of t and o.
57
Let n(x) be the third derivative of x**5/60 + 23*x**4/24 + 9*x**3 - x**2 + 50. Let a be n(-23). Calculate the highest common divisor of a and 189.
27
Let q(r) = r**2 - 69*r + 454. Let l be q(7). Calculate the greatest common factor of l and 5820.
20
Let q(s) = -s**3 + 11*s**2 + 41*s - 492. Let p be q(10). What is the highest common factor of p and 4878?
18
Let b = 22653 + -22590. Calculate the greatest common divisor of 14238 and b.
63
Let s(k) be the second derivative of 7*k**4/12 - 2*k**2 + 2*k + 25. Let p be s(-4). What is the highest common factor of 48 and p?
12
Let o be -753*(3/(-3))/(0 - -1). What is the highest common factor of 3 and o?
3
Let t be (0/(-6) - 3)*(-12)/(-18). Let m(z) = 51*z**2 + 8*z + 20. Let n be m(t). What is the greatest common divisor of 64 and n?
16
Let b(a) = -101*a + 1025. Let c be b(9). What is the highest common divisor of c and 9396?
116
Suppose 733*k - 798*k = -2730. Calculate the greatest common divisor of k and 336.
42
Let h(i) = -2*i + 1. Let u be h(-4). Let v = -691 + 739. Suppose -29*r = 19*r - v. What is the greatest common factor of u and r?
1
Let o(b) = -b**3 - b**2 - 4*b - 2. Let l be o(-1). Suppose -3*u - l*u + 292 = 2*y, -5*u + 312 = -3*y. Calculate the highest common factor of 80 and u.
20
Let g be 25 + -11 + -29 + (-4 - -1). Let l be 424/(-12)*27/g. What is the highest common factor of l and 848?
53
Suppose -33 = -9*v + 4*v - 8*d, -2*v + 30 = -d. Calculate the highest common factor of v and 169.
13
Let n(w) = 27*w - 66. Suppose -p + 2*p + 3*z = 0, -z = 2. Let x be n(p). Calculate the highest common divisor of x and 24.
24
Let a(h) = -2*h**2 - 41*h + 3. Let x be a(-19). Suppose r + 5*p = 45, -2*r + 21*p + x = 16*p. Calculate the highest common divisor of r and 315.
35
Suppose 5*s = -20, -19 + 2015 = 3*p + 5*s. Let h be (p/(-35))/((-3)/70). What is the greatest common divisor of 48 and h?
16
Let b(z) = 52*z**2 + 7*z - 10. Suppose 6*g = -9 + 33. Let f be b(g). What is the greatest common divisor of f and 50?
50
Let l = -823 + 1210. Let g be 6/147 + 115775/2695. Calculate the highest common divisor of g and l.
43
Suppose 0 = 58*l - 3381 + 75. Let z(y) = -y**2 + 8*y - 4. Let q be z(7). What is the greatest common factor of l and q?
3
Suppose -10880 = -5*s - 5*w, 597*w - 601*w = -2*s + 4322. Calculate the highest common factor of s and 13.
13
Let d be 7160/6 - (-4)/(-72)*6. Suppose -d = -18*u + 193. Let h be (18/(-27))/(2/(-33)). What is the greatest common divisor of h and u?
11
Let v be 15/(-10)*(-208)/6. Suppose 5*o = -5*z + 90, -5494*z - 58 = -5495*z + 4*o. Calculate the highest common divisor of v and z.
26
Let f = 299 + -470. Let r = f + 180. What is the greatest common divisor of r and 24?
3
Let g(z) = 15*z + 89. Let h be g(-5). Let u(t) = 2*t**2 + 22. Let n be u(0). Let c be (-4)/n - 3410/(-121). What is the greatest common factor of h and c?
14
Suppose -161*b - 21355 = -70943. What is the highest common divisor of b and 1100?
44
Let c be ((-3*2)/(220/(-858)))/(87/290). What is the highest common divisor of c and 168?
6
Suppose -15*z - 632 + 662 = 0. What is the highest common divisor of 2846 and z?
2
Let y = 401 + -952. Let p = -119 - y. Calculate the greatest common factor of p and 9.
9
Suppose 0 = 2*j - 7 + 3. Suppose -5*t = -3*h - 10, 3*h = j*t - 2 - 2. Suppose -t*c = 9 - 13. What is the greatest common factor of 16 and c?
2
Suppose -135 = 16*i - 1863. Suppose 2*t = -0*t. Suppose t = -3*l - 9*l + i. What is the highest common divisor of 45 and l?
9
Suppose -2*o + 0*w = -3*w - 10, 0 = -3*o + 5*w + 15. Suppose -3*d - o*x + 111 = -484, -4*d + 784 = 2*x. What is the greatest common factor of d and 78?
39
Let d = -32 - -31. Let y = 11 - d. Let z be (-1)/3 - 145/(-3). Calculate the highest common factor of z and y.
12
Let j(r) = r**2 + 5*r - 9. Let l be j(-8). Let a be 3/9*2 - (-18752)/(-48). Let m = a - -395. Calculate the greatest